 highest common divisor of x and 16.
16
Suppose -3*t + 4*f = -439, 2*t + 147 = -f + 458. Suppose 15*u = 16*u - 357. What is the highest common divisor of t and u?
51
Suppose -w = 4, -9*w - 2129 = -5*k - 8*w. Calculate the highest common factor of 475 and k.
25
Let p be ((-22)/(-11) + 533)/((-1)/(-3)). Calculate the highest common factor of p and 15.
15
Let f be (216/3)/(6/4). Suppose 3*a = 2*u - 27, -5*u + 5*a - 13 = -68. Calculate the highest common divisor of u and f.
6
Suppose 4*q - a = -744, 2*q + 2*q - 4*a = -756. Let v = 188 + q. Calculate the greatest common divisor of v and 12.
3
Suppose 3*a - 5*j - 282 = 0, 2*j = 8*a - 4*a - 390. Let g be 290/(-87) - (-2)/(-3) - -26. What is the highest common divisor of a and g?
11
Let g(p) = -5*p + 28. Suppose 3*c = -5*c + 8. Let r be g(c). What is the greatest common divisor of 299 and r?
23
Let n be 100 - ((-15)/(-6))/((-10)/(-20)). Let c = -24 - 47. Let l = c + n. Calculate the greatest common divisor of 12 and l.
12
Suppose 196 = 5*g - 79. Let s = g - -297. What is the highest common divisor of s and 32?
32
Suppose 20*m - 18*m = 22. Let u(o) be the first derivative of -o**3/3 + 6*o**2 - 5*o - 7. Let b be u(m). Calculate the highest common divisor of b and 48.
6
Suppose 606*k + 35 = q + 609*k, -2*q = -k - 35. Calculate the highest common divisor of q and 118.
2
Let q = 15 + 15. Suppose -11*c + c = -q. Suppose 4*a + 56 = c*y, 4*y - 7*a - 76 = -3*a. Calculate the greatest common divisor of y and 160.
20
Let c(g) = -36*g + 1. Let s be c(-2). Suppose -21*p - 6745 = -16511 - 13229. Calculate the highest common factor of p and s.
73
Suppose -9*i + 141216 = -3*o, 4*i - 59*o + 57*o - 62762 = 0. What is the highest common divisor of i and 13?
13
Let a(s) = 9*s**3 - 75*s**2 + 34*s + 13. Let b be a(8). Calculate the highest common divisor of 682 and b.
31
Let s be ((-200)/450 + 1192/9)/1 - 5. What is the greatest common factor of s and 1143?
127
Let y = -349 + 368. Suppose 0 = -21*s + 212 + y. What is the greatest common factor of s and 11?
11
Let i(b) = -8*b**2 - 900*b + 267. Let j be i(-111). Calculate the highest common factor of j and 369.
123
Let m be 364/140 - 4/(-10). Suppose j + m*p + 6 = -6, 0 = 3*j - 2*p - 19. Suppose -j = 5*l - 168. Calculate the greatest common divisor of 297 and l.
33
Suppose -166*u + 960 = 164*u - 320*u. Suppose -z + 36 = 2*z. Calculate the greatest common divisor of z and u.
12
Let q be ((-30200)/40)/(30/(-396)). Calculate the greatest common divisor of 198 and q.
66
Let z be ((-415)/4 - -5)*(-5 - -1). What is the greatest common factor of z and 55?
5
Let k be (-43)/516*36 + 3*691. Calculate the highest common divisor of k and 270.
90
Let p(c) = -60*c**3 + 5*c**2 + 12*c + 4. Let w be p(-1). Calculate the greatest common divisor of w and 6897.
57
Let a = 4025 + -4017. What is the greatest common factor of a and 12080?
8
Let d be (-240)/160*((-6)/(-4))/(5/(-4740)). What is the greatest common factor of d and 27?
27
Suppose -4 = 2*x, 3*x = 5*j - 6 - 15. Let l be -3 + j*(5 + -4). Suppose l = -8*n + 62 + 18. What is the highest common factor of 1 and n?
1
Let k be 6 - -7*(-8)/14. Let o be 6/(-28)*k + (-32908)/(-133). Calculate the highest common factor of 19 and o.
19
Let p be (-200)/(-6)*(-9)/(-6). Let t be (2 - 3/2)*p. Let u = -169169 - -169194. What is the greatest common factor of u and t?
25
Let m(j) = j**3 + j**2 - j - 3. Let d be m(3). Suppose -189*k + 55*k + 9270 + 10830 = 0. What is the greatest common factor of d and k?
30
Suppose 16*h - 10445 = -y + 14*h, -3*y = -5*h - 31313. What is the greatest common factor of y and 53?
53
Let j = 23 + -23. Suppose j = -t + t + t. Suppose 3*n - 24 = -t*n. Calculate the highest common divisor of n and 32.
8
Let d be ((-3)/(-3))/(4/44). Let j(f) = -f + 44 - 4*f - 12*f + 20*f - 2*f. Let s be j(0). What is the highest common factor of s and d?
11
Let f(v) = 19*v + 1572. Let z be f(21). Calculate the highest common divisor of z and 117.
9
Let o be 1794/(-92)*28/(-6). Calculate the highest common factor of 1755 and o.
13
Suppose -69*o - 7 = -76*o. Calculate the greatest common factor of 460 and o.
1
Let w = -142226 + 143342. Suppose 3*t + 2*t - 180 = 0. Calculate the highest common divisor of w and t.
36
Let s be (-46)/(-6) + 34/102. Let u(h) = h**3 - 10*h**2 + 24*h + 14. Let y be u(s). Calculate the highest common factor of 169 and y.
13
Suppose -4*f + n = -141, -3*f - 2*n = -7*f + 138. Let y = 232 + -640. Let l = -384 - y. Calculate the highest common divisor of l and f.
12
Let a be (-11)/(11/(-12))*1. Suppose -2*s + 5*k = -35, -50*s + 51*s + k = 35. What is the highest common factor of a and s?
6
Let b = -1 + 4. Let u be -27*(-2)/b*1. Let l be (-87)/(-7) - (-15)/(-35). What is the highest common divisor of u and l?
6
Let y(f) = -7*f - 1. Let z be y(-2). Let d = 18006 - 18004. Calculate the highest common divisor of d and z.
1
Let v be 5/(-20)*-23169 + (-77)/(-44). What is the greatest common divisor of 2 and v?
2
Let p be ((-2)/3)/(-3 + (-237975)/(-79335)). What is the highest common factor of p and 1353?
41
Let l = -48 - -56. Suppose 3 - l = -c. Suppose 0*v + v - 16 = -2*z, c*v + 2*z - 48 = 0. Calculate the greatest common divisor of v and 72.
8
Let q(r) = -8*r - 17. Let p(d) = 4*d + 8. Let w(g) = 5*p(g) + 2*q(g). Let b be w(-2). Let m be (2/2)/(b/(-28)). Calculate the greatest common factor of m and 7.
7
Suppose 0*f + 3*f = 147. Let i = 83 - f. Let z = -2057 + 2142. Calculate the greatest common factor of z and i.
17
Let n = -10 - -8. Let f be (3*(-2)/(-3))/(n + 0). Let b be f*(-3 - 0) - 0. What is the greatest common factor of 27 and b?
3
Let t(c) = c**2 + 3*c. Let w be t(6). Suppose 2*h = 5*a + 17 + 7, -2*h = -4*a - 28. Suppose -7 = h*z - 139. Calculate the greatest common divisor of w and z.
6
Let i = 5 - 3. Let s = 0 + i. Suppose 0 = 2*h + 4*o + 28, 22 = -h + 3907*o - 3910*o. What is the highest common factor of s and h?
2
Let i be 12/(((-5)/(-8))/5). Suppose -b - q + 28 = 30, 3*b = 2*q + 19. Calculate the greatest common factor of i and b.
3
Suppose 14*a + 44347 - 190493 = 0. Calculate the greatest common factor of a and 73.
73
Let w be 4 + (0 - -79) - -2. Let d(g) = -23*g - 12. Let a be d(-2). What is the greatest common divisor of a and w?
17
Let r(x) = -172*x - 5645. Let o be r(-34). What is the greatest common factor of o and 1334?
29
Let r = 8377 + -8374. What is the highest common factor of r and 3207?
3
Let w = 5115 + -4665. Calculate the highest common divisor of w and 810.
90
Suppose 0*k + 2*k = 3*h - 124, 3*k + 166 = 4*h. Suppose 4*c + c - 87 = -2*y, 4*y = 4*c - 64. Let s = c - 9. Calculate the highest common factor of h and s.
8
Let r(g) = g**3 + 12*g**2 + 19*g - 10. Let a be r(-10). Suppose 2*h - 5*h - 5*y + 105 = a, h - 27 = y. What is the greatest common factor of 110 and h?
10
Let h(p) = -13*p - 15*p - p**2 + 24 + 20*p. Let i be h(-10). Suppose -i*g = -4 - 12. What is the highest common divisor of 16 and g?
4
Let s(o) be the first derivative of -13*o**2 + 80*o + 28. Let u be s(-5). What is the highest common divisor of 30 and u?
30
Suppose -599 = 16*m - 823. What is the greatest common factor of m and 1526?
14
Let w be (-31 + 11)*(-5)/4. Let m be -5 - w/(200/(-3648)). Calculate the highest common factor of 11 and m.
11
Let p(l) = -18*l - 8. Let z(o) = -o - 11*o + 3*o - 4. Let w(b) = 3*p(b) - 5*z(b). Let u be w(-3). What is the greatest common divisor of 184 and u?
23
Let i = -102 + 58. Let u = 10475 - 10427. Let g = u + i. What is the greatest common divisor of 12 and g?
4
Let k be (1 + -2)/(1/(-96)). Let r(g) = -g**3 - 42*g**2 - 70*g + 137. Let x be r(-43). Suppose x = 4*c + 4852. Calculate the greatest common divisor of c and k.
12
Let f(o) = 46*o**2 + 3*o + 6. Let j(n) = n**2 - n - 5. Let g be j(4). Let c = g - 9. Let q be f(c). Calculate the greatest common divisor of q and 23.
23
Let n be -1 - -5 - 337 - -3. Let w = -216 - n. Suppose f = 3*m - 226, 5*f = 7*m - 10*m + 238. Calculate the greatest common divisor of m and w.
38
Let l be (1 - -2)*196/6. Suppose l = -2*o + 4*o. Let p = -127 + 323. What is the highest common divisor of p and o?
49
Suppose 22 + 86 = 2*r. Let h = -52 + r. Let x be 2*(-2 + 1)*(-9)/h. Calculate the highest common factor of 3 and x.
3
Let h be 2/4*2*6. Let y be ((-342)/(-66))/1 + (-6